
(-1 + -5 - (11 - 25 - 12)) + -61
-41
711 + -605 + (0 + 0 - 17)
89
Calculate (47 - (-3 + -14 + 38)) + -16.
10
20 + (14 - 17 - -1) + 37 - (-13 - -1)
67
Calculate 2 + 7 + 2 + 11 + -78.
-56
What is the value of -3 - ((25 - 51 - -17) + 4 + 3)?
-1
107 - ((30 - -44) + -23)
56
Calculate 64 + 6 + (-54 - -57) + -12.
61
Evaluate (137 - -17) + (46 + 18 - 99).
119
What is the value of 65 + -72 + (2 - 68 - 4) + -16 + 22?
-71
Evaluate 360 - 362 - (0 + 4 + 0 - -2) - -66.
58
Calculate -14 + 17 - (-59 + -6 + 20 + 11).
37
What is the value of (15 - 1) + (28 - 28) + -15 + 15?
14
What is (-7 - (-2 - (-16 + 13))) + 43?
35
14 + -5 + -5 + (-2 - (-6 + 47))
-39
Calculate 53 + (33 - 42) + -171.
-127
Calculate -119 + 223 + -115 - (108 + 1).
-120
What is -64 - (-14 - 7) - (-13 + (-4 - -5))?
-31
What is -41 - (12 + (20 + -22 - 22) + 5)?
-34
Evaluate ((3 + -3 - 6) + -59 - -4) + (-192 - -181).
-72
-73 + (11 - 7) + -463 + 490
-42
23 + -51 - -46 - -41
59
Evaluate (1 - 15 - (-4 + (-10 - -8))) + -86 + 60.
-34
Calculate 213 + 86 - 142 - 81.
76
What is -85 + 40 + (6 - -103)?
64
-7 + 24 - (40 - (-16 + 12))
-27
Evaluate (-437 - -429) + (91 - 8).
75
What is the value of -1 + 14 - (-5 - -1 - (-50 - 26))?
-59
Evaluate (12 - 5) + -1 + -8 + -11 + 9.
-4
Calculate 1 + 60 - (-27 + 22 + -4 + (16 - -2)).
52
(1 - -29) + (109 - 78) + 9
70
Calculate 31 + (-71 + 51 - -2).
13
Calculate (-107 - (85 + -201)) + 42.
51
Evaluate 23 - (101 + -209 - -5).
126
What is (-74 - -75) + ((10 - 2) + -8 - (-56 + 0))?
57
What is the value of 2166 + -1996 - (-1 - (-21 - -5))?
155
(-1 - (15 - (14 + -11 - -120))) + -14
93
Evaluate 40 + 55 + -46 + -82.
-33
Evaluate -60 + 27 + 2 + 6 + -14.
-39
Calculate -38 + (-35 - -35) + 8.
-30
What is the value of 235 - 330 - (-3 - -22) - -24?
-90
Calculate (-1 + -3 + 1 - 6) + (-57 - (82 - 211)).
63
2 - ((-1 - 1) + (68 - 45)) - -10 - -71
62
-14 + 11 + (2 - -5) + -8 - (0 - -59)
-63
What is the value of (5 - (2 - -2)) + (15 + -6 - 13)?
-3
Calculate 22 + -3 + (-71 - (-52 - 22)).
22
Calculate -98 - (-38 + (-47 - -21 - -26)).
-60
-49 + -79 + 133 - -57
62
What is -32 + 8 + 2 + (-18 - -15)?
-25
Calculate 1 - 18 - (-3 + -10 - (-30 + 0)).
-34
Evaluate (51 - 76) + -28 + -11.
-64
Evaluate 45 + (29 + (-36 - -33) - 8).
63
Calculate -4 + 12 + -33 + 11 + 112.
98
Evaluate 23 + (-105 - -30) + 74 + 13 + 0 + -2.
33
What is 4 + (-44 - -43) + (-2 + 1 - -2) + 1?
5
What is the value of -57 + -3 + 11 + (-6 - -4 - -15)?
-36
Evaluate -4 - (1 + -6 + (2 - -8)) - -2 - -18.
11
Calculate (-1 - 122) + (-5 + (-2 - 11) - (-97 + 68)).
-112
Calculate 1 - -9 - (-1 + -32 + 23).
20
-45 - (-15 + -1 - 22)
-7
Calculate -49 + -11 - (4 - 21) - 1.
-44
3 - 57 - (20 - (-14 - -40 - 2))
-50
Evaluate 47 + (33 - (40 + -1)) + -146.
-105
What is 2 + -13 - (-32 - 9)?
30
Evaluate (2 - 74) + (-9 + 22 + -15 + -4 - 2).
-80
What is the value of -21 + 7 + (418 - 384)?
20
Calculate -79 - (5 + -13 - (12 + 3 + -21)).
-77
(-6 - (32 - 26 - -31)) + -19
-62
-41 + 23 + 18 + (-1 - (-8 + 4)) + -15
-12
-41 - (68 + -13 + -38)
-58
Evaluate 16 - (131 - (18 + -15 + -3 + 25)).
-90
What is the value of (-5 - ((7 - 36) + -3)) + 5 + -7 + 6?
31
Calculate -17 + -41 - -29 - -1 - -94.
66
What is the value of (36 - (14 + -12 + 13)) + -57?
-36
45 + -56 - (-45 + -1 + -1)
36
What is the value of 1 + -22 + -2 - (106 - (36 + 54))?
-39
Calculate 26 + -14 + 11 + -35 + 24 + 15.
27
Calculate (2 - 12) + -13 + -42 + (-6 - -13) + -2.
-60
Evaluate -313 + 340 - (6 + -5).
26
Calculate (1 - 4 - 2) + 12 - (-36 - (-131 + 9)).
-79
(1 + -5 - (-303 - -253)) + -134
-88
-108 + 88 - (93 + (10 - 30))
-93
What is the value of (-36 - (-77 - -44)) + 47?
44
Calculate (-1 + -18 - (-6 + -13 + 13)) + 80.
67
-2 + -10 - (1 + (5 - (4 + 0)))
-14
(-24 - -41) + 42 + 7 + -26
40
Evaluate -20 + 1 + -19 + 39 + 122.
123
What is the value of -78 - (-39 + (-18 - 68))?
47
Calculate (-11 - -76) + -75 - (-1 + -3 - 2).
-4
Calculate (-21 - 1) + (372 + -314 - (8 + 37)).
-9
What is the value of -37 + 0 - (3781 + -3788)?
-30
What is -93 + (-77 + -26 - -94)?
-102
Calculate -8 + -8 - ((-3 - -3) + 3 + 6).
-25
Calculate 11 - ((-2 + -3 - 12) + 109 + -86).
5
What is the value of -102 + (128 + -63 - -77)?
40
68 + (-12 + 11 + -6 - (3 - (-1 - 1)))
56
Evaluate (-16 - (1 - (-17 - 51))) + 18.
-67
What is 75 + (-59 - 25) + -64?
-73
Calculate (26 + -23 - (1 + -1)) + -12 + 1 + -58.
-66
What is the value of (-556 - -521) + 16 + 1 + 45?
27
Evaluate 15 + -40 + (-4 - 0) + -25.
-54
Evaluate -8 + -44 - (-29 + 1 + 9).
-33
-4 + (81 - 103) - 31
-57
What is (5 - -4) + (355 - 336)?
28
Calculate (3 - -3) + 1 + 1793 + -1760.
40
Evaluate (-3 - -1) + 14 + -564 + 554 + 5 + 31.
38
What is the value of -200 - (-124 - -139 - 91)?
-124
What is (2 - (0 + 44)) + (128 - 77) + -42?
-33
Calculate 190 + -301 + 110 - (4 - 5 - (4 + -1)).
3
Calculate -52 - (-115 - -42) - (0 - 0 - 2).
23
Evaluate 5 + 10 + (-6 - 2) - (26 + 8).
-27
What is the value of -8 + 1 + (-6 - -12 - 1 - 4)?
-6
Calculate -653 + 669 + (7 - (3 + -2)).
22
-49 - (13 - ((5 - 3) + 3) - (72 - 55))
-40
Calculate -23 - (16 - (9 - (6 + -5))).
-31
Calculate -3 + 98 + -15 + -18 - 19.
43
(-237 - -222) + 15 + 8 - (0 + (-37 - 1))
46
Calculate -31 - (58 + -68 + (-18 - -4)).
-7
Calculate (52 - 73) + 18 + 57.
54
Calculate 4 + (-1 - 6 - -2 - -13) + -6 - 5.
1
What is -59 - (-2 + 8 + -7) - (-40 - -28)?
-46
Evaluate 11 + (-2 - 0) + 12 + -48 + 2 + 6.
-19
What is -34 + 6 + (30 - -33) - 31?
4
What is (0 - -2) + 6 + 3 + -89 + -4 + 3?
-79
-29 - -14 - (30 + -6 + -7 + -7)
-25
Calculate (5 - 18) + 3 + (8 - 2) + -4 + -54.
-62
Calculate 23 - (-6 + (17 - 22) + 136).
-102
-30 + -45 - -15 - -90
30
What is the value of 3 + (-13 - -14 - (6 - 0)) + 4 + -76?
-74
Calculate 19 - (8 + -25 + 2 + 8).
26
Calculate (-8 - (2 + -6)) + 6 + (118 - (-39 + 105)).
54
Calculate -52 - (26 - 62) - 2.
-18
13 + (57 + -24 - 64) - -103
85
Calculate (2346 - 2324) + (-1 - -11 - 3).
29
What is the value of 12 + 20 + -10 - 19?
3
What is the value of 2129 + -2144 - (-2 + -17)?
4
What is the value of -18 + ((32 - 7) + -21 - (-2 + 7 - -2))?
-21
Evaluate 11 + (8392 - 8401 - (1 - -35 - -1)).
-35
What is the value of -130 - (-59 - 10) - -21?
-40
Calculate -2 + 0 + 56 + -1 + 3296 + -3292.
57
400 - 393 - ((1 - 3) + -58)
67
Calculate 16 - (-15 - (20 - 10) - -52).
-11
What is (-125 - 0) + (-343 - (-152 - 224))?
-92
Calculate (5 - -3) + (-17 - -26) - (-5 - -12).
10
What is -25 + -16 + (-6 - (-13 + -5 + 6))?
-35
2 + -14 - (-19 - (41 - (-40 + 10)))
78
What is 33 - 16 - ((9 + -3 - 6) + 12)?
5
Calculate -4 + 0 + (39 - 127) - 9.
-101
-6 + 34 + 6 + -11 + 50 + -54
19
What is the value of 7 - 10 - (65 - 28) - 15?
-55
Evaluate (-7 - 15) + 16 + (-8 - -7).
-7
Calculate (27 - (-11 - -6) - 73) + -12.
-53
What is -44 - (8 + -10) - -42?
0
What is the value of 22 + (4 - 2) + 15?
39
Evaluate -29 + 1 - (-73 + 116).
-71
-46 - (-1 + -6 + (40 - ((27 - -20) + -23)))
-55
What is the value of -5 + (73 - -77) + -265?
-120
What is -93 + (-7 + -3 - (25 - 15)) - -2?
-111
17 + (13 - (-51 + 54))
27
What is 0 + 90 - (32 + -12 + 16 + -26)?
80
Calculate (-12 - 94) + 5 + 14 + 8 + -12.
-91
What is 24 - (8 - ((18 - 16) + -62 - -15))?
-29
What is 417 + 52 + -193 - 153?
123
What is -12 - ((39 - 51) + (-50 - 2)) - 14?
38
What is (-4605 - -4594) + 0 + -6?
-17
What is the value of 6 + (11 - (10 + -5) - (22 + -18)) + 54?
62
(44 + -13 - 18) + (-1 - -1) + 15
28
Calculate -62 - -192 - (105 + 27).
-2
What is -10 + (-10 - -89) + 59?
128
Calculate 80 + (-207 - -60) + -25 + -8.
-100
What is the value of (103 - -26) + -129 - (-1 + -94)?
95
What is the value of -54 + (0 - (2 - 0) - (13 + -25))?
-44
What is the value of -30 + (-45 - -115) + -31?
9
What is 1781 + -1796 - (3 - 1)?
-17
What is (-117 - (-238 + -33)) + -38?
116
Calculate 41 + -113 + 24 + (14 - -20).
-14
33 + (-6 - (-1 - (-15 - -8 - 1))) + 18
38
What is the value of (-76 - (-221 + 106)) + -3 + 6 + -1 + 5?
46
What is -2 + (127 - ((-168 + 196 - (2 + 13)) + -23))?
135
What is -4 + ((4 - 7) + 24 - (-3 + -11 - -24))?
7
Evaluate -9 + 1 + 15 + -31 + 13 + -16.
-27
Calculate -13 + -191 + 812 + -686.
-78
What is the value of (41 - 53) + -3 + -30?
-45
Calculate -8 - (-14 - (10 - 29) - (-10 - 15)).
-38
What is the value of -65 + 9 + (0 - -1)?
-55
(-5 - -50 - -30) + -54
21
What is 98 - ((-14 - -19) + 40 + -28)?
81
Calculate -36 + 36 - ((-5 - (-2 - 7)) + -18).
1